 y?
5
Let s(f) = f + 48. What is the tens digit of s(34)?
8
Let t(s) = -17 + 92*s - 13 - 15 + 38. What is the units digit of t(3)?
9
Suppose 0*r - 4*n - 1694 = -2*r, 0 = r - n - 850. What is the tens digit of r?
5
What is the hundreds digit of (2/(-2) - 0/(-3)) + 186?
1
Let i = -117 + 583. What is the hundreds digit of i?
4
Let l = 23 - 11. What is the tens digit of (280/12 + 1)/(2/l)?
4
Suppose m - 24 = -5. Suppose -2*j - 4 = 2*s - 0, 4*s - 5*j - m = 0. What is the units digit of s?
1
Let a(w) be the third derivative of 1/3*w**5 + 0*w**4 + 1/6*w**3 + 0 - 2*w**2 + 0*w. What is the units digit of a(1)?
1
What is the units digit of -6 + (5 - -5007)/7?
0
Let p(w) = -1 + 11*w + 2 - 3*w. Let d be p(-1). Let j(a) = a**2 + 6*a + 10. What is the units digit of j(d)?
7
Let q = -1 - -4. Let i(h) = h**2 + 28*h - 55. Let c be i(-30). Suppose 4*j + c*z = 93, z + 29 = q*j - j. What is the units digit of j?
7
Suppose -3*x + 45 = -3*t, t - 3 = -x - 2*t. Let b(p) = x*p**2 + 10*p**2 + 4*p - 8 - 21*p**2. What is the tens digit of b(-9)?
3
Let a be (-4)/(-4)*-4 + 2. What is the hundreds digit of ((-3)/2)/(a/(2608/12))?
1
Suppose 15798 + 10362 = 20*y. What is the units digit of y?
8
Suppose p - 57 = -24. Suppose -5*c + p = -2*c. Suppose k + c = 39. What is the units digit of k?
8
Let k(y) = -53*y - 5. What is the tens digit of k(-1)?
4
Let c = -10 + 15. Suppose -f = 4*t - 4, 0 = -f - f + c*t - 44. Let q = 6 - f. What is the units digit of q?
8
Let r = -1225 - -1757. What is the units digit of r?
2
Let u(r) be the third derivative of 5*r**2 + 0 - 7/12*r**4 - 1/6*r**3 + 0*r. What is the units digit of u(-1)?
3
Let h(f) = f**3 - 5*f**2 - 2*f - 14. Let s(p) = p**3 + 5*p**2 - 8*p - 2. Let c be s(-7). Let u be c/(-22) + (1 - -3). What is the units digit of h(u)?
0
Let t(h) = -2*h**2 + h + 1. Let k be t(-1). Let c be -1 - (-1 + (-363 - k)). Suppose -23 - c = -6*v. What is the tens digit of v?
6
Let p be ((-20)/(-25))/((-1)/(-80)). Suppose 0 = 5*o - p - 21. Let z(l) = l**2 - 16*l - 2. What is the units digit of z(o)?
5
Let h = 515 + 1192. What is the hundreds digit of h?
7
Suppose 7 = n + 2. Suppose -10*t + 135 = -n*t. What is the units digit of t?
7
Let u = -4 - -4. Suppose -k + 16 - 4 = u. What is the tens digit of k?
1
Let r be 4/(3 + 2 - 3). Suppose -37 + 117 = r*o. What is the tens digit of o?
4
What is the units digit of ((-9)/(-3) + 7041)*(-54)/(-72)?
3
Let m = -154 - -2276. What is the hundreds digit of m?
1
Suppose 6*x - 1515 = x - 5*m, -x + 303 = -3*m. What is the units digit of x?
3
Let j = 16 - -49. Suppose -p + j = -s - 3*s, -217 = -3*p + s. What is the units digit of p?
3
Let b(t) = t**3 - t**2 - 2*t. Let y be b(2). What is the tens digit of (5 - (-6 + 47))*(y - 1)?
3
Suppose 965*z - 20376 = 956*z. What is the units digit of z?
4
Let i(h) = 25*h - 23. What is the tens digit of i(21)?
0
Let o(x) = 16 + 4*x**2 + 6*x**2 + 3*x - 6*x**2 - 3*x**2. What is the tens digit of o(-15)?
9
Suppose 45*x - 2666 = 43*x. What is the tens digit of x?
3
Suppose 2*y - y = -7. Let c be 362/y + (-12)/42. What is the tens digit of (1*-2)/(8/c)?
1
Suppose 0 = 5*j - 5, j = 2*f - j - 70. Suppose 60 - f = 2*t. What is the tens digit of t?
1
Let j be ((-15)/(-6) + -2)*-34. Let a be j/2 - 30/20. Let o = 31 + a. What is the units digit of o?
1
Suppose 0 = -6*t + 12*t - 120. Suppose -r - t = -54. What is the units digit of r?
4
Suppose -4*l = 5*x - 34, 0*x = -3*l - x + 20. Suppose -12 = -4*j - 4*a, -3*a + 3 = -j + l. What is the units digit of 1*(j + -1) + 24?
6
Let f be (-8)/5*(-45)/18. Suppose 3*y + f = -y. What is the units digit of 1 + 17 + y + 1?
8
Let o(u) = u**3 - 10*u**2 + 10*u + 14. Let a be o(7). Let i = -37 - a. What is the units digit of i?
6
Suppose 0 = -3*c + 4*o + 2427, 2*c + 5*o = -c + 2427. What is the units digit of c?
9
Let p be (-9 - 31)/(1*-1). Suppose 3*s = 53 + p. What is the tens digit of s?
3
Let j(b) = -2*b**2 - 8*b - 3. Let v be j(-3). Suppose -10 = 2*u, -z + 0*u + 41 = -v*u. What is the tens digit of z?
2
Let h = 4692 - 1751. What is the hundreds digit of h?
9
Let d(a) = -3*a**2 + 3*a + 125. What is the tens digit of d(0)?
2
Suppose 3*s + 5*l - 1943 = 0, -5*s + 2585 = -s + l. What is the units digit of s?
6
Suppose 154*k - 153*k - 515 = 0. What is the tens digit of k?
1
What is the tens digit of (-29900)/(-175) + 1/7?
7
Suppose -3*r + 541 = a, -4*a - r + 829 + 1291 = 0. What is the units digit of a?
9
Let i = -4 + 2. Suppose 4*p + 6 = 14. What is the tens digit of (-1)/(i*p/72)?
1
Suppose d + 4*k + 4 = -5, 0 = 5*d + 4*k - 35. Let s(a) = a**2 + 11*a - 62. What is the tens digit of s(d)?
8
Suppose 3*i + 5*j + 6 = 0, -5*i + 19 + 5 = -3*j. Suppose 155 - 803 = -i*f. What is the units digit of f?
6
Suppose 54 = 3*y + 15. Suppose -10*g - 192 = -y*g. What is the units digit of g?
4
Let u(h) = 2*h**2 + 2*h - 18. Let k(y) = -3*y**2 - 3*y + 27. Let j(r) = -5*k(r) - 7*u(r). Let g be j(-4). Suppose -g*p = p - 36. What is the units digit of p?
9
Suppose 5*m - 2*j - 23 = 0, 5*m + 3*j - 24 = 4*j. Suppose -m*v + 27 = -68. Let o = 42 - v. What is the tens digit of o?
2
Let q = 115 - 85. What is the hundreds digit of ((-594)/q)/((-9)/60)?
1
Let b be -1*(24 - (-4 - -6)). What is the tens digit of 126/4 - (-33)/b?
3
Let i = -34 + 34. Suppose -2*q + 36 = 5*t - i*t, -5*q - t = -113. What is the tens digit of q?
2
Suppose v + 3*o + 24 = 4*v, -4 = 3*v + 4*o. Suppose -6 = v*w - 46. What is the units digit of w?
0
Let r = 7967 + -5307. What is the thousands digit of r?
2
Suppose 10 = 4*j - 14. Suppose 4*x - 104 = j*x. What is the units digit of (0 - -3)*x/(-6)?
6
Suppose 0 = -3*b - 3*z - 33, -12 = -3*b - 4*z - 46. What is the hundreds digit of (-2)/3*2145/b?
1
Let t(n) = n**3 + 4*n**2 - 5*n. Let q be t(-5). Let p be (-11 - -8)*(-40 + q). Suppose 4*m + 134 = 2*s, -3*m + p = -0*s + 2*s. What is the units digit of s?
3
Let z = -312 + 1879. What is the tens digit of z?
6
Let k be (39/6)/((-2)/(-4)). Let r = -39 - -31. Let q = k + r. What is the units digit of q?
5
Let r(d) = 19*d + 10. Suppose 0*w = 3*w - 4*j - 15, 3*w - 2*j - 21 = 0. What is the tens digit of r(w)?
8
Let m be (-106)/9 + 16/(-72). Let a = m + 32. What is the tens digit of a?
2
Let r(u) = -77*u + 25. Let m be r(-6). Suppose i - 3*n = -i + 241, -4*i + n = -m. What is the tens digit of i?
2
Suppose -4*c = 2*x - 1482, c - 4656 + 960 = -5*x. What is the tens digit of x?
3
Suppose -5*o + 22 = 22. Let u(c) = c**3 + 2*c + 17. What is the tens digit of u(o)?
1
Let t(s) = s**2 - 4*s - 5. Let l be t(-2). Suppose -5*m = -l*m + 8. Suppose u + 2*x - 51 = 0, -4*u - 8*x + 204 = -m*x. What is the tens digit of u?
5
Let h = -23 + 24. Suppose h = -3*c - 4*n, 9 + 0 = c - n. Suppose -c*t + o + 140 = 0, 4*t = -0*t - o + 112. What is the tens digit of t?
2
Let j(w) = -5*w - 43. Let u(a) = -a - 11. Let b(o) = -6*j(o) + 26*u(o). What is the units digit of b(19)?
8
Let r(v) = -v**2 + 5*v + 8. Let h = 3 - -3. Let w be r(h). Suppose -4*t = -t + 4*y - 117, w*y + 99 = 3*t. What is the units digit of t?
5
What is the tens digit of 1 + 634 + -12*7/28?
3
Let x = -4 + 7. Suppose 3*c - 292 = -q, x*q = 3*c - c - 213. What is the tens digit of c?
9
Suppose 117*j + 1496 = 118*j. What is the hundreds digit of j?
4
Let f be (-1*(-10)/(-6))/(11/33). What is the hundreds digit of (152 - -1) + 6*f/10?
1
Let g(d) = -2*d**2 + 2. Let m be g(-5). Let u be m + 1 + 3 + -3. Let v = 76 + u. What is the units digit of v?
9
Suppose -59 = -64*s + 63*s. What is the units digit of s?
9
Let l(g) = 54*g**3 + g**2 - g - 1. Suppose 0*q + 3*r - 10 = 5*q, 0 = 2*q + 5*r - 27. What is the tens digit of l(q)?
5
Let s(a) = 13*a + 8. What is the units digit of s(10)?
8
Let m = 0 - -40. Let o be (-1 - -6)*16/m. Suppose 3*h - 17 = o*h. What is the tens digit of h?
1
Suppose 9*f + 5*b = 6*f + 5014, f + 3*b - 1670 = 0. What is the units digit of f?
3
Suppose 2 = -w, -w - 376 = -2*v + w. Suppose 14*l - v = 11*l. What is the units digit of l?
2
What is the thousands digit of (5484/(-2))/((-22)/(14 + -3))?
1
Let t be 1/2*(-113 + 1). What is the tens digit of 8*1/(-3)*1974/t?
9
Let b be (0/(-9))/((-2)/(-1)). Let q(g) = 8*g - 4 - g**2 + b*g**2 - 16*g - 5*g. What is the tens digit of q(-6)?
3
Let g = 1 - 1. Suppose g = 7*b - 3*b - 96. Suppose m + 3 = b. What is the tens digit of m?
2
Suppose -3*